{"id":3255,"date":"2026-01-20T17:27:42","date_gmt":"2026-01-20T16:27:42","guid":{"rendered":"https:\/\/formation-rebouteux.fr\/?page_id=3255"},"modified":"2026-04-09T10:30:29","modified_gmt":"2026-04-09T08:30:29","slug":"magnetisme","status":"publish","type":"page","link":"https:\/\/formation-rebouteux.fr\/?page_id=3255","title":{"rendered":"MAGNETISME"},"content":{"rendered":"\t\t<div data-elementor-type=\"wp-page\" data-elementor-id=\"3255\" class=\"elementor elementor-3255\">\n\t\t\t\t<div class=\"elementor-element elementor-element-f2b99d6 e-flex e-con-boxed wpr-particle-no wpr-jarallax-no wpr-parallax-no wpr-sticky-section-no e-con e-parent\" data-id=\"f2b99d6\" data-element_type=\"container\">\n\t\t\t\t\t<div class=\"e-con-inner\">\n\t\t\t\t<div class=\"elementor-element elementor-element-f2a8113 elementor-widget elementor-widget-text-editor\" data-id=\"f2a8113\" data-element_type=\"widget\" data-widget_type=\"text-editor.default\">\n\t\t\t\t<div class=\"elementor-widget-container\">\n\t\t\t<style>\/*! elementor - v3.21.0 - 26-05-2024 *\/\n.elementor-widget-text-editor.elementor-drop-cap-view-stacked .elementor-drop-cap{background-color:#69727d;color:#fff}.elementor-widget-text-editor.elementor-drop-cap-view-framed .elementor-drop-cap{color:#69727d;border:3px solid;background-color:transparent}.elementor-widget-text-editor:not(.elementor-drop-cap-view-default) .elementor-drop-cap{margin-top:8px}.elementor-widget-text-editor:not(.elementor-drop-cap-view-default) .elementor-drop-cap-letter{width:1em;height:1em}.elementor-widget-text-editor .elementor-drop-cap{float:left;text-align:center;line-height:1;font-size:50px}.elementor-widget-text-editor .elementor-drop-cap-letter{display:inline-block}<\/style>\t\t\t\t<h2 style=\"text-align: center;\"><strong style=\"color: #33cccc; font-size: 28px;\">S\u00e9minaire Intensif Magn\u00e9tisme &#8211; 2 jours<\/strong><\/h2><div><h6 style=\"text-align: center;\"><span style=\"color: #33cccc;\"><strong>1. INTRODUCTION AU MAGNETISME<\/strong><\/span><\/h6><p><span style=\"color: #000000;\">D\u00e9couvrez le magn\u00e9tisme et apprenez \u00e0 canaliser votre \u00e9nergie pour vous-m\u00eame et pour les autres lors de ce s\u00e9minaire immersif de 2 jours. Une exp\u00e9rience unique, \u00e0 la fois pratique et enrichissante, con\u00e7ue pour \u00e9veiller vos capacit\u00e9s \u00e9nerg\u00e9tiques et harmoniser corps et esprit.<\/span><\/p><p><span style=\"color: #000000;\">Vous souhaitez :\u00a0<\/span><\/p><ul><li><span style=\"color: #000000;\">Ressentir et d\u00e9velopper votre \u00e9nergie naturelle<\/span><\/li><li><span style=\"color: #000000;\">Soulager les tensions physiques et \u00e9motionnelles<\/span><\/li><li><span style=\"color: #000000;\">D\u00e9couvrir des techniques simples et efficaces de soin magn\u00e9tique<\/span><\/li><li><span style=\"color: #000000;\">Vivre une exp\u00e9rience enrichissante en petit groupe, avec exercices pratiques<\/span><\/li><\/ul><p><span style=\"color: #000000;\">Ce s\u00e9minaire est parfait pour tous ceux qui veulent explorer le magn\u00e9tisme, d\u00e9butants ou passionn\u00e9s de bien-\u00eatre.<\/span><\/p><p><span style=\"color: #000000;\">Aucune exp\u00e9rience pr\u00e9alable n&rsquo;est n\u00e9cessaire, juste la curiosit\u00e9 et l&rsquo;envie de se connecter \u00e0 ses ressentis.<\/span><\/p><p><em><strong><span style=\"color: #000000;\">Ce que vous allez vivre pendant ces 2 jours<\/span><\/strong><\/em><\/p><p><span style=\"color: #000000;\">Jour 1 &#8211; D\u00e9couverte et sensibilisation<\/span><\/p><ul><li><span style=\"color: #000000;\">Introduction au magn\u00e9tisme et \u00e0 ses effets<\/span><\/li><li><span style=\"color: #000000;\">Exercices pour ressentir et canaliser l&rsquo;\u00e9nergie<\/span><\/li><li><span style=\"color: #000000;\">Techniques de centrage et d&rsquo;ancrage<\/span><\/li><li><span style=\"color: #000000;\">Exp\u00e9rimentations pratiques en bin\u00f4me pour \u00e9veiller vos perceptions<\/span><\/li><\/ul><\/div><p><span style=\"color: #000000;\">Jour 2 &#8211; Pratique et Harmonisation<\/span><\/p><ul><li><span style=\"color: #000000;\">D\u00e9monstration d&rsquo;une s\u00e9quence compl\u00e8te de soin magn\u00e9tique<\/span><\/li><li><span style=\"color: #000000;\">D\u00e9tection et lib\u00e9ration des blocages \u00e9nerg\u00e9tique<\/span><\/li><li><span style=\"color: #000000;\">Harmonisation du corps et des \u00e9motions<\/span><\/li><li><span style=\"color: #000000;\">Exercices pour prot\u00e9ger votre \u00e9nergie et pratiquer en toute s\u00e9curit\u00e9<\/span><\/li><li><span style=\"color: #000000;\">Mise en pratique supervis\u00e9e pour renforc\u00e9e vos comp\u00e9tences<\/span><\/li><\/ul><p><span style=\"color: #000000;\">Chaque moment alterne th\u00e9orie courte et pratique immersive, afin que vous repartiez avec des outils concrets et directement applicables.<\/span><\/p><p><span style=\"color: #33cccc;\"><strong>Informations pratiques<\/strong><\/span><\/p><ul><li><span style=\"color: #000000;\"><strong>Prochain S\u00e9minaire au BOURGET DU LAC (73)<\/strong><\/span><\/li><li><strong><span style=\"color: #000000;\">Sp\u00e9cialisation : <span style=\"text-decoration: underline; color: #33cccc;\">Introduction au magn\u00e9tisme<\/span><\/span><\/strong><\/li><li><span style=\"color: #000000;\"><em><strong>Public : Tout Public<\/strong><\/em><\/span><\/li><li><span style=\"color: #000000;\"><strong>14h de pratique intensive<\/strong><\/span><\/li><li><strong><em><span style=\"color: #000000;\">Ce\u00a0 s\u00e9minaire de deux jours cons\u00e9cutifs est accessible toute l&rsquo;ann\u00e9e et organis\u00e9 \u00e0 la demande d\u00e8s 3 inscrits.<\/span><\/em><\/strong><\/li><li><span style=\"color: #000000;\"><strong>Contactez nous pour conna\u00eetre les prochaines dates disponibles.<\/strong><\/span><\/li><li><span style=\"color: #000000;\">Places limit\u00e9es pour garantir la qualit\u00e9 de l&rsquo;apprentissage<\/span><\/li><li><span style=\"color: #000000;\">tarif : 420\u20ac les 2 jours\u00a0<\/span><\/li><\/ul><h6 style=\"text-align: center;\"><span style=\"color: #3366ff;\"><strong>2. PRATIQUE APPROFONDIE DU MAGNETISME<\/strong><\/span><\/h6><ul><\/ul><div><ul><li><span style=\"color: #000000;\"><strong>Prochain S\u00e9minaire au BOURGET DU LAC (73)<\/strong><\/span><\/li><li><strong><span style=\"color: #000000;\">Sp\u00e9cialisation : <span style=\"text-decoration: underline; color: #3366ff;\">Pratique approfondie du magn\u00e9tisme<\/span><\/span><\/strong><\/li><li><span style=\"color: #000000;\"><em><strong>Pr\u00e9-requis : Introduction au magn\u00e9tisme (ou <span style=\"color: #000000;\">Ost\u00e9o-Rebouteux\u00ae <\/span>confirm\u00e9s)<\/strong><\/em><\/span><\/li><li><span style=\"color: #000000;\"><strong>\u00a0Un week-end, soit 14h de pratique intensive <\/strong>(<em>\u00e0 partir\u00a0du 5 septembre 2026 = <strong>chaque premier week-end du mois<\/strong><\/em>)<\/span><\/li><li><span style=\"color: #000000;\">Gagnez en efficacit\u00e9 lors de vos pratiques manuelles<\/span><\/li><li><span style=\"color: #000000;\">D\u00e9veloppez votre <strong>ressenti<\/strong> pour identifier pr\u00e9cis\u00e9ment les <strong>blocages \u00e9nerg\u00e9tiques<\/strong> et lib\u00e9rer les tensions plus efficacement<\/span><\/li><li><span style=\"color: #000000;\"><em>Format \u00ab\u00a0S\u00e9minaire-Atelier\u00a0\u00bb : Un espace d&rsquo;\u00e9change pour affiner vos gestes et <strong>int\u00e9grer le magn\u00e9tisme \u00e0 votre pratique<\/strong><\/em><\/span><\/li><li><span style=\"color: #000000;\">Places limit\u00e9es pour garantir la qualit\u00e9 de l&rsquo;apprentissage<\/span><\/li><li><span style=\"color: #000000;\">tarif : 420\u20ac les 2 jours\u00a0<\/span><\/li><\/ul><\/div><p style=\"text-align: center;\"><a href=\"http:\/\/formation-rebouteux.fr\/?p=1024\" style=\"color: #89229b; opacity: 0.75;\"><span style=\"color: #000000;\"><em><strong><span style=\"color: #3366ff;\"><span style=\"color: #33cccc;\"><\/span><\/span><\/strong><\/em><\/span><\/a><span style=\"color: #ff0000;\"><a href=\"http:\/\/formation-rebouteux.fr\/?p=1024\" style=\"color: #ff0000;\"><em><strong>\u2192<\/strong><\/em><\/a><\/span><a href=\"http:\/\/formation-rebouteux.fr\/?p=1024\"><span style=\"color: #000000;\"><em><strong><span style=\"color: #ff0000;\">\u00a0<\/span>LE SEMINAIRE MAGNETISME\u00a0 <\/strong><\/em><\/span><span style=\"color: #ff0000;\"><strong>\u2190<\/strong><\/span><\/a><\/p>\t\t\t\t\t\t<\/div>\n\t\t\t\t<\/div>\n\t\t\t\t\t<\/div>\n\t\t\t\t<\/div>\n\t\t<div class=\"elementor-element elementor-element-74d3c43 e-flex e-con-boxed wpr-particle-no wpr-jarallax-no wpr-parallax-no wpr-sticky-section-no e-con e-parent\" data-id=\"74d3c43\" data-element_type=\"container\" data-settings=\"{&quot;background_background&quot;:&quot;classic&quot;}\">\n\t\t\t\t\t<div class=\"e-con-inner\">\n\t\t\t\t<div class=\"elementor-element elementor-element-579e7dd elementor-widget elementor-widget-image\" data-id=\"579e7dd\" data-element_type=\"widget\" data-widget_type=\"image.default\">\n\t\t\t\t<div class=\"elementor-widget-container\">\n\t\t\t<style>\/*! elementor - v3.21.0 - 26-05-2024 *\/\n.elementor-widget-image{text-align:center}.elementor-widget-image a{display:inline-block}.elementor-widget-image a img[src$=\".svg\"]{width:48px}.elementor-widget-image img{vertical-align:middle;display:inline-block}<\/style>\t\t\t\t\t\t\t\t\t\t<img fetchpriority=\"high\" decoding=\"async\" width=\"750\" height=\"284\" src=\"https:\/\/formation-rebouteux.fr\/wp-content\/uploads\/2018\/01\/28684059_web-1024x388.jpg\" class=\"attachment-large size-large wp-image-1085\" alt=\"\" srcset=\"https:\/\/formation-rebouteux.fr\/wp-content\/uploads\/2018\/01\/28684059_web-1024x388.jpg 1024w, https:\/\/formation-rebouteux.fr\/wp-content\/uploads\/2018\/01\/28684059_web-300x114.jpg 300w, https:\/\/formation-rebouteux.fr\/wp-content\/uploads\/2018\/01\/28684059_web-768x291.jpg 768w, https:\/\/formation-rebouteux.fr\/wp-content\/uploads\/2018\/01\/28684059_web.jpg 1125w\" sizes=\"(max-width: 750px) 100vw, 750px\" \/>\t\t\t\t\t\t\t\t\t\t\t\t\t<\/div>\n\t\t\t\t<\/div>\n\t\t\t\t\t<\/div>\n\t\t\t\t<\/div>\n\t\t<div class=\"elementor-element elementor-element-a0d0470 e-flex e-con-boxed wpr-particle-no wpr-jarallax-no wpr-parallax-no wpr-sticky-section-no e-con e-parent\" data-id=\"a0d0470\" data-element_type=\"container\">\n\t\t\t\t\t<div class=\"e-con-inner\">\n\t\t\t\t<div class=\"elementor-element elementor-element-3ecf2df elementor-widget elementor-widget-text-editor\" data-id=\"3ecf2df\" data-element_type=\"widget\" data-widget_type=\"text-editor.default\">\n\t\t\t\t<div class=\"elementor-widget-container\">\n\t\t\t\t\t\t\t<h2 style=\"text-align: center;\"><span style=\"color: #33cccc;\"><strong>INSCRIPTIONS<\/strong><\/span><\/h2><p><span style=\"color: #000000;\">C&rsquo;est simple et<strong> sans pr\u00e9-requis !<\/strong><\/span><\/p><p><span style=\"color: #000000;\">Consultez les dates et disponibilit\u00e9s par mail <strong><span style=\"color: #33cccc;\">formationrebouteux@gmail.com<\/span> <\/strong>ou au<strong> <span style=\"color: #33cccc;\">06.68.57.15.11<\/span><br \/><\/strong><\/span><\/p><p><strong><span style=\"color: #000000;\">Suite \u00e0 notre premier \u00e9change, <\/span><span style=\"color: #000000;\">nous vous ferons parvenir un dossier d&rsquo;inscription personnalis\u00e9.<\/span><span style=\"color: #000000;\">\u00a0 \u00a0 \u00a0 \u00a0 \u00a0\u00a0<\/span><\/strong><\/p><p><span style=\"color: #ff0000;\"><span style=\"color: #000000;\"><strong>Votre place est r\u00e9serv\u00e9e d\u00e8s que nous recevons votre bulletin d&rsquo;inscription.<\/strong><\/span><\/span><\/p><p><span style=\"color: #999999;\"><em>Les informations qui figurent sur ce site sont donn\u00e9es \u00e0 titre indicatif et ne constituent pas un engagement contractuel d\u00e9finitif. <\/em><em>En aucun cas ces informations ne sont susceptibles de se substituer \u00e0 une consultation ou un diagnostic effectu\u00e9 par un professionnel de sant\u00e9.\u00a0<\/em><\/span><\/p>\t\t\t\t\t\t<\/div>\n\t\t\t\t<\/div>\n\t\t\t\t\t<\/div>\n\t\t\t\t<\/div>\n\t\t\t\t<\/div>\n\t\t","protected":false},"excerpt":{"rendered":"<p>S\u00e9minaire Intensif Magn\u00e9tisme &#8211; 2 jours 1. INTRODUCTION AU MAGNETISME D\u00e9couvrez le magn\u00e9tisme et apprenez \u00e0 canaliser votre \u00e9nergie pour vous-m\u00eame et pour les autres lors de ce s\u00e9minaire immersif de 2 jours. Une exp\u00e9rience unique, \u00e0 la fois pratique et enrichissante, con\u00e7ue pour \u00e9veiller vos capacit\u00e9s \u00e9nerg\u00e9tiques et harmoniser<\/p>\n","protected":false},"author":1,"featured_media":154,"parent":0,"menu_order":0,"comment_status":"closed","ping_status":"closed","template":"page-templates\/template-page-sidebar.php","meta":{"footnotes":""},"aioseo_notices":[],"_links":{"self":[{"href":"https:\/\/formation-rebouteux.fr\/index.php?rest_route=\/wp\/v2\/pages\/3255"}],"collection":[{"href":"https:\/\/formation-rebouteux.fr\/index.php?rest_route=\/wp\/v2\/pages"}],"about":[{"href":"https:\/\/formation-rebouteux.fr\/index.php?rest_route=\/wp\/v2\/types\/page"}],"author":[{"embeddable":true,"href":"https:\/\/formation-rebouteux.fr\/index.php?rest_route=\/wp\/v2\/users\/1"}],"replies":[{"embeddable":true,"href":"https:\/\/formation-rebouteux.fr\/index.php?rest_route=%2Fwp%2Fv2%2Fcomments&post=3255"}],"version-history":[{"count":67,"href":"https:\/\/formation-rebouteux.fr\/index.php?rest_route=\/wp\/v2\/pages\/3255\/revisions"}],"predecessor-version":[{"id":3358,"href":"https:\/\/formation-rebouteux.fr\/index.php?rest_route=\/wp\/v2\/pages\/3255\/revisions\/3358"}],"wp:featuredmedia":[{"embeddable":true,"href":"https:\/\/formation-rebouteux.fr\/index.php?rest_route=\/wp\/v2\/media\/154"}],"wp:attachment":[{"href":"https:\/\/formation-rebouteux.fr\/index.php?rest_route=%2Fwp%2Fv2%2Fmedia&parent=3255"}],"curies":[{"name":"wp","href":"https:\/\/api.w.org\/{rel}","templated":true}]}}